{"id":2075,"date":"2020-08-05T17:07:29","date_gmt":"2020-08-05T21:07:29","guid":{"rendered":"https:\/\/sites.generatepress.com\/ethos\/?page_id=2075"},"modified":"2026-04-16T10:10:24","modified_gmt":"2026-04-16T10:10:24","slug":"attorneys","status":"publish","type":"page","link":"https:\/\/test.trungthanhlaw.com\/?page_id=2075","title":{"rendered":"\u0110\u1ed9i ng\u0169"},"content":{"rendered":"\n<section class=\"gb-element-aba29dfe\">\n<div class=\"gb-element-1353d2d7\">\n<div class=\"gb-element-ef0938ed\">\n<figure class=\"wp-block-image size-full is-style-rounded\"><img loading=\"lazy\" decoding=\"async\" width=\"600\" height=\"459\" src=\"https:\/\/test.trungthanhlaw.com\/wp-content\/uploads\/2026\/04\/Phi-Ngoc-Chung.jpg\" alt=\"\" class=\"wp-image-4170\" style=\"aspect-ratio:1;object-fit:cover\" srcset=\"https:\/\/test.trungthanhlaw.com\/wp-content\/uploads\/2026\/04\/Phi-Ngoc-Chung.jpg 600w, https:\/\/test.trungthanhlaw.com\/wp-content\/uploads\/2026\/04\/Phi-Ngoc-Chung-300x230.jpg 300w\" sizes=\"auto, (max-width: 600px) 100vw, 600px\" \/><\/figure>\n<\/div>\n\n\n\n<div class=\"gb-element-4bd0807f\">\n<h2 class=\"gb-text gb-text-aceea95f\">Gi\u00e1m \u0111\u1ed1c Ph\u00ed Ng\u1ecdc Chung<\/h2>\n\n\n\n<p class=\"gb-text gb-text-60ec7019\"><em>Lu\u1eadt s\u01b0 th\u00e0nh vi\u00ean<\/em><\/p>\n\n\n\n<p class=\"has-medium-font-size\"><em>\u201cPh\u00e1p l\u00fd ph\u1ea3i ph\u1ee5c v\u1ee5 kinh doanh, kh\u00f4ng ph\u1ea3i c\u1ea3n tr\u1edf kinh doanh.\u201d<\/em><\/p>\n\n\n\n<p class=\"has-medium-font-size\">Lu\u1eadt s\u01b0 Ph\u00ed Ng\u1ecdc Chung l\u00e0 ng\u01b0\u1eddi s\u00e1ng l\u1eadp v\u00e0 d\u1eabn d\u1eaft Trung Th\u00e0nh Law v\u1edbi t\u1ea7m nh\u00ecn k\u1ebft h\u1ee3p gi\u1eefa ph\u00e1p lu\u1eadt v\u00e0 th\u1ef1c ti\u1ec5n v\u1eadn h\u00e0nh doanh nghi\u1ec7p. V\u1edbi n\u1ec1n t\u1ea3ng v\u1eeba l\u00e0 lu\u1eadt s\u01b0 v\u1eeba l\u00e0 nh\u00e0 qu\u1ea3n l\u00fd, \u00f4ng c\u00f3 kh\u1ea3 n\u0103ng nh\u00ecn nh\u1eadn v\u1ea5n \u0111\u1ec1 ph\u00e1p l\u00fd d\u01b0\u1edbi g\u00f3c \u0111\u1ed9 chi\u1ebfn l\u01b0\u1ee3c, gi\u00fap doanh nghi\u1ec7p kh\u00f4ng ch\u1ec9 tu\u00e2n th\u1ee7 m\u00e0 c\u00f2n t\u1ed1i \u01b0u ho\u1ea1t \u0111\u1ed9ng kinh doanh. Kinh nghi\u1ec7m th\u1ef1c ti\u1ec5n s\u00e2u r\u1ed9ng l\u00e0 y\u1ebfu t\u1ed1 t\u1ea1o n\u00ean c\u00e1c gi\u1ea3i ph\u00e1p mang t\u00ednh \u1ee9ng d\u1ee5ng cao v\u00e0 hi\u1ec7u qu\u1ea3 b\u1ec1n v\u1eefng. \u00d4ng kh\u00f4ng d\u1eebng \u1edf vi\u1ec7c \u0111\u01b0a ra \u00fd ki\u1ebfn ph\u00e1p l\u00fd, m\u00e0 t\u1eadp trung v\u00e0o c\u00e1ch doanh nghi\u1ec7p ra quy\u1ebft \u0111\u1ecbnh trong th\u1ef1c t\u1ebf \u2013 nhanh, \u0111\u00fang v\u00e0 c\u00f3 ki\u1ec3m so\u00e1t r\u1ee7i ro. Th\u1ebf m\u1ea1nh l\u1edbn nh\u1ea5t l\u00e0 kh\u1ea3 n\u0103ng bi\u1ebfn c\u00e1c v\u1ea5n \u0111\u1ec1 ph\u00e1p l\u00fd ph\u1ee9c t\u1ea1p th\u00e0nh gi\u1ea3i ph\u00e1p v\u1eadn h\u00e0nh r\u00f5 r\u00e0ng, gi\u00fap doanh nghi\u1ec7p \u0111i ti\u1ebfp thay v\u00ec b\u1ecb \u201ck\u1eb9t\u201d b\u1edfi quy \u0111\u1ecbnh.<\/p>\n<\/div>\n<\/div>\n<\/section>\n\n\n\n<section class=\"gb-element-3f21bd6b\">\n<div class=\"gb-element-ef13161d\">\n<div class=\"gb-element-25c9d33f\">\n<h2 class=\"gb-text gb-text-377ea979\">Nguy\u1ec5n Th\u1ecb Nga<\/h2>\n\n\n\n<p class=\"gb-text gb-text-d05bb94c\"><em>Lu\u1eadt s\u01b0 th\u00e0nh vi\u00ean<\/em><\/p>\n\n\n\n<p class=\"has-medium-font-size\"><em>\u201cKh\u00f4ng c\u00f3 gi\u1ea3i ph\u00e1p ph\u00e1p l\u00fd chung \u2013 gi\u1ea3i ph\u00e1p ch\u1ec9 \u0111\u00fang khi ph\u00f9 h\u1ee3p v\u1edbi nhu c\u1ea7u v\u00e0 kh\u1ea3 n\u0103ng th\u1ef1c thi c\u1ee7a doanh nghi\u1ec7p\u201d<\/em><\/p>\n\n\n\n<p class=\"has-medium-font-size\">Lu\u1eadt s\u01b0 Nguy\u1ec5n Th\u1ecb Nga l\u00e0 lu\u1eadt s\u01b0 chuy\u00ean s\u00e2u trong l\u0129nh v\u1ef1c ph\u00e1p l\u00fd doanh nghi\u1ec7p, giao d\u1ecbch v\u00e0 h\u1ee3p \u0111\u1ed3ng, v\u1edbi th\u1ebf m\u1ea1nh trong c\u00e1c ng\u00e0nh th\u1ef1c ph\u1ea9m, m\u1ef9 ph\u1ea9m, y t\u1ebf v\u00e0 M&amp;A. B\u00e0 c\u00f3 kinh nghi\u1ec7m t\u01b0 v\u1ea5n to\u00e0n di\u1ec7n t\u1eeb thi\u1ebft k\u1ebf c\u1ea5u tr\u00fac giao d\u1ecbch \u0111\u1ebfn x\u1eed l\u00fd tranh ch\u1ea5p, gi\u00fap doanh nghi\u1ec7p ki\u1ec3m so\u00e1t r\u1ee7i ro ngay t\u1eeb \u0111\u1ea7u. Phong c\u00e1ch l\u00e0m vi\u1ec7c ch\u1eb7t ch\u1ebd, th\u1ef1c t\u1ebf v\u00e0 \u0111\u1ecbnh h\u01b0\u1edbng gi\u1ea3i ph\u00e1p l\u00e0 \u0111i\u1ec3m n\u1ed5i b\u1eadt trong c\u00e1c t\u01b0 v\u1ea5n c\u1ee7a lu\u1eadt s\u01b0.<\/p>\n<\/div>\n\n\n\n<div class=\"gb-element-5e0aedf4\">\n<div class=\"wp-block-group is-vertical is-layout-flex wp-container-core-group-is-layout-8cf370e7 wp-block-group-is-layout-flex\">\n<figure class=\"wp-block-image size-large is-style-rounded\"><img loading=\"lazy\" decoding=\"async\" width=\"848\" height=\"1024\" src=\"https:\/\/test.trungthanhlaw.com\/wp-content\/uploads\/2026\/04\/Nguyen-Thi-Nga-1-e1776331672936-848x1024.jpg\" alt=\"\" class=\"wp-image-4172\" style=\"aspect-ratio:1;object-fit:cover\" srcset=\"https:\/\/test.trungthanhlaw.com\/wp-content\/uploads\/2026\/04\/Nguyen-Thi-Nga-1-e1776331672936-848x1024.jpg 848w, https:\/\/test.trungthanhlaw.com\/wp-content\/uploads\/2026\/04\/Nguyen-Thi-Nga-1-e1776331672936-249x300.jpg 249w, https:\/\/test.trungthanhlaw.com\/wp-content\/uploads\/2026\/04\/Nguyen-Thi-Nga-1-e1776331672936-768x927.jpg 768w, https:\/\/test.trungthanhlaw.com\/wp-content\/uploads\/2026\/04\/Nguyen-Thi-Nga-1-e1776331672936.jpg 1024w\" sizes=\"auto, (max-width: 848px) 100vw, 848px\" \/><\/figure>\n<\/div>\n<\/div>\n<\/div>\n<\/section>\n\n\n\n<section class=\"gb-element-e77c9b97\">\n<div class=\"gb-element-411e8a3d\">\n<div class=\"gb-element-4520ecb4\">\n<figure class=\"wp-block-image size-full is-style-rounded\"><img loading=\"lazy\" decoding=\"async\" width=\"976\" height=\"864\" src=\"https:\/\/test.trungthanhlaw.com\/wp-content\/uploads\/2026\/04\/Tam-Tran-e1776332706473.jpg\" alt=\"\" class=\"wp-image-4176\" style=\"aspect-ratio:1;object-fit:cover\" srcset=\"https:\/\/test.trungthanhlaw.com\/wp-content\/uploads\/2026\/04\/Tam-Tran-e1776332706473.jpg 976w, https:\/\/test.trungthanhlaw.com\/wp-content\/uploads\/2026\/04\/Tam-Tran-e1776332706473-300x266.jpg 300w, https:\/\/test.trungthanhlaw.com\/wp-content\/uploads\/2026\/04\/Tam-Tran-e1776332706473-768x680.jpg 768w\" sizes=\"auto, (max-width: 976px) 100vw, 976px\" \/><\/figure>\n<\/div>\n\n\n\n<div class=\"gb-element-b70fdd02\">\n<h2 class=\"gb-text gb-text-14af9e59\">Tr\u1ea7n Th\u1ecb T\u00e1m<\/h2>\n\n\n\n<p class=\"gb-text gb-text-75872540\"><em><em>Chuy\u00ean gia S\u1edf h\u1eefu tr\u00ed tu\u1ec7<\/em><\/em><\/p>\n\n\n\n<p class=\"has-medium-font-size\"><em>\u201cS\u1edf h\u1eefu tr\u00ed tu\u1ec7 kh\u00f4ng ch\u1ec9 \u0111\u1ec3 \u0111\u0103ng k\u00fd, m\u00e0 \u0111\u1ec3 t\u1ea1o l\u1ee3i th\u1ebf c\u1ea1nh tranh\u201d<\/em><\/p>\n\n\n\n<p class=\"has-medium-font-size\">Chuy\u00ean gia T\u00e1m Tr\u1ea7n l\u00e0 \u0111\u1ea1i di\u1ec7n s\u1edf h\u1eefu c\u00f4ng nghi\u1ec7p, chuy\u00ean gia v\u1ec1 chi\u1ebfn l\u01b0\u1ee3c s\u1edf h\u1eefu tr\u00ed tu\u1ec7. Chuy\u00ean gia T\u00e1m Tr\u1ea7n t\u1eadp trung v\u00e0o t\u01b0 v\u1ea5n x\u00e2y d\u1ef1ng, khai th\u00e1c v\u00e0 b\u1ea3o v\u1ec7 t\u00e0i s\u1ea3n tr\u00ed tu\u1ec7 cho c\u00e1 nh\u00e2n, doanh nghi\u1ec7p. V\u1edbi kinh nghi\u1ec7m trong qu\u1ea3n tr\u1ecb danh m\u1ee5c quy\u1ec1n v\u00e0 x\u1eed l\u00fd x\u00e2m ph\u1ea1m, b\u00e0 gi\u00fap doanh nghi\u1ec7p kh\u00f4ng ch\u1ec9 \u0111\u0103ng k\u00fd b\u1ea3o h\u1ed9 m\u00e0 c\u00f2n bi\u1ebfn s\u1edf h\u1eefu tr\u00ed tu\u1ec7 th\u00e0nh l\u1ee3i th\u1ebf c\u1ea1nh tranh th\u1ef1c s\u1ef1. C\u00e1ch ti\u1ebfp c\u1eadn mang t\u00ednh chi\u1ebfn l\u01b0\u1ee3c gi\u00fap t\u1ed1i \u01b0u gi\u00e1 tr\u1ecb t\u00e0i s\u1ea3n v\u00f4 h\u00ecnh trong d\u00e0i h\u1ea1n.<\/p>\n<\/div>\n<\/div>\n<\/section>\n\n\n\n<section class=\"gb-element-0385563c\">\n<div class=\"gb-element-def10663\">\n<div class=\"gb-element-fde1736a\">\n<h2 class=\"gb-text gb-text-c4b07b5a\">Nguy\u1ec5n H\u1ed3ng Loan<\/h2>\n\n\n\n<p class=\"gb-text gb-text-780b6373\"><em><em>Chuy\u00ean gia T\u00e0i ch\u00ednh v\u00e0 \u0111\u1ea7u t\u01b0<\/em><\/em><\/p>\n\n\n\n<p class=\"has-medium-font-size\"><em>\u201cM\u1ed9t c\u1ea5u tr\u00fac \u0111\u1ea7u t\u01b0 t\u1ed1t ph\u1ea3i \u0111\u1ee9ng v\u1eefng c\u1ea3 v\u1ec1 ph\u00e1p l\u00fd l\u1eabn d\u00f2ng ti\u1ec1n\u201d<\/em><\/p>\n\n\n\n<p>Chuy\u00ean gia H\u1ed3ng Loan l\u00e0 chuy\u00ean gia t\u01b0 v\u1ea5n v\u1ec1 t\u00e0i ch\u00ednh v\u00e0 \u0111\u1ea7u t\u01b0, v\u1edbi kinh nghi\u1ec7m trong c\u00e1c d\u1ef1 \u00e1n \u0111\u1ea7u t\u01b0, khu c\u00f4ng nghi\u1ec7p v\u00e0 ho\u1ea1t \u0111\u1ed9ng M&amp;A. B\u00e0 mang \u0111\u1ebfn g\u00f3c nh\u00ecn k\u1ebft h\u1ee3p gi\u1eefa ph\u00e1p l\u00fd v\u00e0 t\u00e0i ch\u00ednh, h\u1ed7 tr\u1ee3 doanh nghi\u1ec7p trong vi\u1ec7c c\u1ea5u tr\u00fac \u0111\u1ea7u t\u01b0, \u0111\u00e1nh gi\u00e1 r\u1ee7i ro v\u00e0 t\u1ed1i \u01b0u hi\u1ec7u qu\u1ea3 d\u1ef1 \u00e1n. S\u1ef1 am hi\u1ec3u s\u00e2u v\u1ec1 d\u00f2ng ti\u1ec1n v\u00e0 chi\u1ebfn l\u01b0\u1ee3c \u0111\u1ea7u t\u01b0 gi\u00fap c\u00e1c quy\u1ebft \u0111\u1ecbnh ph\u00e1p l\u00fd tr\u1edf n\u00ean s\u00e1t th\u1ef1c v\u00e0 kh\u1ea3 thi h\u01a1n.<\/p>\n<\/div>\n\n\n\n<div class=\"gb-element-cccdb473\">\n<figure class=\"wp-block-image size-full is-style-rounded\"><img loading=\"lazy\" decoding=\"async\" width=\"953\" height=\"960\" src=\"https:\/\/test.trungthanhlaw.com\/wp-content\/uploads\/2026\/04\/Hong-Loan.jpg\" alt=\"\" class=\"wp-image-4175\" style=\"aspect-ratio:1;object-fit:cover\" srcset=\"https:\/\/test.trungthanhlaw.com\/wp-content\/uploads\/2026\/04\/Hong-Loan.jpg 953w, https:\/\/test.trungthanhlaw.com\/wp-content\/uploads\/2026\/04\/Hong-Loan-298x300.jpg 298w, https:\/\/test.trungthanhlaw.com\/wp-content\/uploads\/2026\/04\/Hong-Loan-150x150.jpg 150w, https:\/\/test.trungthanhlaw.com\/wp-content\/uploads\/2026\/04\/Hong-Loan-768x774.jpg 768w\" sizes=\"auto, (max-width: 953px) 100vw, 953px\" \/><\/figure>\n<\/div>\n<\/div>\n<\/section>\n","protected":false},"excerpt":{"rendered":"<p>Gi\u00e1m \u0111\u1ed1c Ph\u00ed Ng\u1ecdc Chung Lu\u1eadt s\u01b0 th\u00e0nh vi\u00ean \u201cPh\u00e1p l\u00fd ph\u1ea3i ph\u1ee5c v\u1ee5 kinh doanh, kh\u00f4ng ph\u1ea3i c\u1ea3n tr\u1edf kinh doanh.\u201d Lu\u1eadt s\u01b0 Ph\u00ed Ng\u1ecdc Chung l\u00e0 ng\u01b0\u1eddi s\u00e1ng l\u1eadp v\u00e0 d\u1eabn d\u1eaft Trung Th\u00e0nh Law v\u1edbi t\u1ea7m nh\u00ecn k\u1ebft h\u1ee3p gi\u1eefa ph\u00e1p lu\u1eadt v\u00e0 th\u1ef1c ti\u1ec5n v\u1eadn h\u00e0nh doanh nghi\u1ec7p. V\u1edbi n\u1ec1n t\u1ea3ng &#8230; <a title=\"\u0110\u1ed9i ng\u0169\" class=\"read-more\" href=\"https:\/\/test.trungthanhlaw.com\/?page_id=2075\" aria-label=\"\u0110\u1ecdc th\u00eam v\u1ec1 \u0110\u1ed9i ng\u0169\">Read More<\/a><\/p>\n","protected":false},"author":1,"featured_media":0,"parent":0,"menu_order":0,"comment_status":"closed","ping_status":"closed","template":"","meta":{"footnotes":""},"class_list":["post-2075","page","type-page","status-publish"],"_links":{"self":[{"href":"https:\/\/test.trungthanhlaw.com\/index.php?rest_route=\/wp\/v2\/pages\/2075","targetHints":{"allow":["GET"]}}],"collection":[{"href":"https:\/\/test.trungthanhlaw.com\/index.php?rest_route=\/wp\/v2\/pages"}],"about":[{"href":"https:\/\/test.trungthanhlaw.com\/index.php?rest_route=\/wp\/v2\/types\/page"}],"author":[{"embeddable":true,"href":"https:\/\/test.trungthanhlaw.com\/index.php?rest_route=\/wp\/v2\/users\/1"}],"replies":[{"embeddable":true,"href":"https:\/\/test.trungthanhlaw.com\/index.php?rest_route=%2Fwp%2Fv2%2Fcomments&post=2075"}],"version-history":[{"count":5,"href":"https:\/\/test.trungthanhlaw.com\/index.php?rest_route=\/wp\/v2\/pages\/2075\/revisions"}],"predecessor-version":[{"id":4180,"href":"https:\/\/test.trungthanhlaw.com\/index.php?rest_route=\/wp\/v2\/pages\/2075\/revisions\/4180"}],"wp:attachment":[{"href":"https:\/\/test.trungthanhlaw.com\/index.php?rest_route=%2Fwp%2Fv2%2Fmedia&parent=2075"}],"curies":[{"name":"wp","href":"https:\/\/api.w.org\/{rel}","templated":true}]}}